 5 = -u. Let z(b) = -8*b**3 + b. Give z(d).
7
Let t(f) = -f**2 - f - 1. Let d = -172 - -168. What is t(d)?
-13
Let q(x) = -x**2 - 6*x - 7. Let t be q(-3). Let h(v) = 4*v - 1. What is h(t)?
7
Let q(o) = o**3 - 4*o - 3. Suppose -4*i = -0*i - j + 8, 0 = -2*i - j - 4. What is q(i)?
-3
Let v = 7 + 13. Let x = 4 - -1. Suppose x = -3*q + v. Let o(r) = r**3 - 4*r**2 - 4*r - 5. Give o(q).
0
Let j be ((-6)/(-4))/((-1)/(-6)). Let v be 6*(0 + (-3)/j). Let u(d) = -2*d**2 - 1. What is u(v)?
-9
Let r(i) = i**2 + 4*i - 3. Let f be r(-5). Let z(g) = g - 4*g + 0*g + 5 + f*g. What is z(0)?
5
Let b = 13 - 9. Suppose 0 = -g - 0*g + b. Let h(y) = y**2 - 5*y + 4. Determine h(g).
0
Let i(m) be the second derivative of -3*m**5/10 - m**3/6 - m**2/2 + 4*m. Let q = 28 - 29. Give i(q).
6
Suppose 0 = g + 4*g + 25. Let s(n) be the third derivative of n**6/120 + n**5/12 - n**4/24 - n**3 + 2*n**2. Give s(g).
-1
Let u(o) = -o**2 - 5*o + 6. Let c be u(-5). Let f(y) = -4*y + c*y + 0 - 4 - 4. What is f(6)?
4
Let t(g) = 6*g**3 - 3*g**2 - 5*g + 6. Let w(b) = 7*b**3 - 3*b**2 - 6*b + 7. Let u(q) = -6*t(q) + 5*w(q). Give u(3).
-1
Let a(j) = -j**2 - 4*j + 2. Suppose 0*n - 18*n - 90 = 0. What is a(n)?
-3
Let p(h) = -5*h + 8. Let x(y) = y. Let m be ((-27)/18)/((-6)/16). Let a(r) = m*x(r) + p(r). Give a(6).
2
Let b = -7 + 11. Let y(x) = -b*x**2 + 0*x**2 + 3 + 3*x**3 - 2*x**3. Let m = -4 - -8. Calculate y(m).
3
Let v = 3 - 1. Let k(a) = 8*a + 12. Let m(y) be the second derivative of -y**3/6 - y**2/2 + 2*y. Let c(o) = -k(o) - 12*m(o). What is c(v)?
8
Let n(r) = 4*r - 2. Let u(j) = j**2 + 1. Let f(t) = n(t) - u(t). Give f(3).
0
Let z(b) be the first derivative of b**3/3 - 4*b**2 + 6*b + 33. Suppose -5*l + 24 + 1 = 0. What is z(l)?
-9
Let o be (0/(-2))/(2 - 1). Let d(f) = 5*f**2 + 4*f + 1. Let u(z) = 14*z**2 + 11*z + 4. Let i(k) = -11*d(k) + 4*u(k). Determine i(o).
5
Let m(z) = z**2 + z - 1. Let i = 4 + -2. Suppose -5*p - y = -5, -p + 20 = y + 3*y. Suppose 6 = i*c - p*c - 4*j, 0 = -c + j + 2. Determine m(c).
1
Let w(a) = a**3 - 6*a**2 + 7*a - 7. Suppose -7*k = -2*k - 10. Suppose k*v + 0 = 8. Suppose 1 = v*g - 19. Calculate w(g).
3
Let h be 6*(2/(-4))/(-1). Let f(d) be the second derivative of d**3/6 - d**2/2 - d. Let b be f(h). Let a(l) = 2*l - 2. What is a(b)?
2
Suppose 18 = -5*k - 0*s - s, -2*k - 5*s = -2. Let j(p) = 3 - 4 + p**3 + 7*p**2 - 3*p**2 - p. Determine j(k).
3
Let n(y) = -4*y**3 - 1. Let p = 28 - 29. Calculate n(p).
3
Let u(o) = -4*o - 3 - 4*o + 5*o + o**2 - 3. Determine u(6).
12
Let f(h) = -9 + 8 + 3*h - 4*h. Let i be 2 + (1 - 0/1). Let o = i - 3. Calculate f(o).
-1
Let m be ((-4)/4)/((-3)/6). Let z(f) = 3*f**2 - 4*f**2 + 2*f + 1 + m*f. Calculate z(5).
-4
Let m(v) = 41*v - 81*v + 44*v. Let i be 5 - (3 + -3 + 2). What is m(i)?
12
Let f = 18 + -13. Let i(v) = v - f*v**2 + 3*v**2 + 3*v + 4*v**2 - 1. What is i(-3)?
5
Let d(i) = -7*i. Let n = -16 + 7. Let y(o) = -2*o**2 + 4*o - 6. Let u be y(4). Let g be u/(-18) - (-2)/n. Calculate d(g).
-7
Let r be (-6)/(-21) + 26/7. Let w(d) = 2 + 4*d - r - 3*d. What is w(0)?
-2
Let z(a) = a**3 - 3*a**2 + 3. Let s(c) = 3*c. Let j be s(1). Let v be z(j). Let f(y) = -y + v*y - y. Calculate f(3).
3
Let p(r) be the third derivative of r**5/60 + r**3/2 - 4*r**2. Determine p(0).
3
Suppose 2 = -i + 6. Let y(d) = 11*d + 1. Let a(m) = -6*m - 1. Let p(z) = 5*a(z) + 3*y(z). Give p(i).
10
Let q(i) = 4*i**2 - 7*i + 1. Let t(d) = -5*d**2 + 8*d - 1. Let y(x) = 4*q(x) + 3*t(x). Suppose 2*u - 5 - 1 = -4*v, 5*u - 3*v = 28. Calculate y(u).
6
Let z(m) = m - 2. Suppose 63 = 2*d - 3*w, -5*d - 2*w = -20 - 128. Suppose i - 3*k = 5*i - d, -3*i = 4*k - 26. Give z(i).
4
Let f(m) = -54 - m**3 + 58 + 5*m**2 - 3*m**2. Determine f(3).
-5
Let p(i) = i**3 - i**2 - i. Let x(a) = -3*a**2 - 4*a**2 + 9*a + 16*a**2 - 3*a**3 - 3. Let q(k) = 4*p(k) + x(k). Calculate q(-4).
-7
Let x(t) = -t**3 + t**2 + 3*t - 3. Let w(i) = -i**3 + 2*i**2 + 4*i - 2. Let h(q) = 3*w(q) - 2*x(q). Suppose -3*b = 2*b - 25. Determine h(b).
5
Let p = 1 + -1. Let r(d) = -d - 2. Calculate r(p).
-2
Let d(m) = m**2 - 6*m - 2. Suppose -2*o + 2*g - 12 = 0, 1 + 19 = -2*o + 4*g. Let c be (-6)/o*(-5)/(-3). What is d(c)?
-7
Suppose -14 = 3*n + 2*j, 3*j + 21 = -4*n + 3. Let i(y) = -y**2 - 8*y - 8. Calculate i(n).
4
Let b(k) = -k - 1 - 3 - 4. Calculate b(6).
-14
Suppose -24 = -3*c + 3*w, 0*c - 4*c = w - 12. Let j be (10/(-15))/(2/(-3)). Let r(l) = l**2 - 3*l + 2 + j + 0*l. Determine r(c).
7
Let g(b) = -b**2 - 5*b - 3. Let m(k) = k + 7. Let c be m(-11). What is g(c)?
1
Let w(l) = -l**3 - 12*l**2 - 10*l + 13. Suppose -c - 3 = 8. Calculate w(c).
2
Let d(x) = -1 + 0*x**2 - 7*x**2 + 8*x**3 + 8*x**2. What is d(-1)?
-8
Let m(h) be the second derivative of h**3/6 - h**2/2 - h. Let b = 31 + -27. Give m(b).
3
Let n(t) = t + 1. Let d(z) = -5*z + 7. Let k(o) = -4*o + 6. Let l(h) = -5*d(h) + 6*k(h). Let g(u) = 4*l(u) - 3*n(u). What is g(-4)?
-3
Let s = -163 + 158. Let n(g) be the first derivative of g**2/2 + 8*g - 1. Calculate n(s).
3
Let a(b) = -b**2 + 8*b - 7. Let y = -15 + 21. Let l be a(y). Let c(s) = -s**2 - s. Let n(k) = 2*k**2 + 8*k + 3. Let z(g) = 3*c(g) + n(g). Calculate z(l).
3
Let a(j) = -7*j + 9. Let d(g) = 8*g - 10. Let b(s) = 7*a(s) + 6*d(s). Give b(3).
0
Suppose 2*a + 3*a = 0. Suppose -2*j = j - 12. Suppose a = 8*v - 6*v + j. Let i(b) = 2*b**2 + 2*b + 2. Determine i(v).
6
Let u(r) = -r**3 + 4*r**2 + 6*r - 7. Let l be u(5). Let q be -1 + 0 + 6/l. Let k(g) = g + 10. Let i(d) = d + 9. Let x(y) = -6*i(y) + 5*k(y). Give x(q).
0
Let z(x) = -7*x**3 - 5*x**2 - 5*x - 7. Let t(a) = -4*a**3 - 3*a**2 - 3*a - 4. Let m(y) = 5*t(y) - 3*z(y). Suppose 4 = -2*w - 0. Give m(w).
-7
Let w be (12/(-10))/(3/(-10)). Suppose h + 2*n - 24 = -n, 0 = w*h + n - 41. Let l(d) = h - 7 - 2*d - d. Calculate l(3).
-7
Let y(q) = -q**3 + 7*q**2 + 7*q + 3. Let n be y(8). Let s(r) = 2*r - 6. Let w(u) = 3*u - 9. Let m(f) = -8*s(f) + 5*w(f). Give m(n).
8
Let h(c) = -c**2 - c + 1. Suppose 0 = -k - 4*k + 5. Let a(w) = 4*w**2 + 4*w - 4. Let u(z) = k*a(z) + 3*h(z). Give u(-2).
1
Let o(y) = -y + 7. Let f = -3 - -6. Determine o(f).
4
Let d(r) = r**3 + 5*r**2 - 6*r. Let k be d(-6). Let y(x) be the second derivative of 2*x + k*x**3 + 0 - 1/20*x**5 + 1/12*x**4 + 0*x**2. What is y(0)?
0
Let k(h) = h - 4. Let q = 0 - -3. Let x(b) = -q + 15 + 1 - 4*b. Let n(d) = -7*k(d) - 2*x(d). Determine n(0).
2
Let p(o) = -o + 34 - 38 - 3*o - 13*o**3 + o**2. Let r(a) = 13*a**3 - a**2 + 3*a + 3. Let q be 1/(1/(-3)*1). Let h(m) = q*p(m) - 4*r(m). Give h(1).
-12
Let x(o) = -o**3 - 6*o + 4*o**2 + 8*o - 6*o - 1. Give x(3).
-4
Let d(o) = 5*o**3 + 7*o**2 - 4*o + 2. Let v(l) = -l**3 - l**2 + l. Let w(q) = d(q) + 6*v(q). Let c be -4 + (0/(-3) - -2). Calculate w(c).
10
Let h(d) = d**2 + 4*d + d - 7 + d. Let o be 1*(3 + -5 + -5). What is h(o)?
0
Let b be 2/3 + (-1)/(-3). Let v(c) be the first derivative of -3*c - 5. Let p(h) = h + 1. Let z(q) = 6*p(q) + 2*v(q). Calculate z(b).
6
Let i(k) = 2*k**2 - 3*k - 3. Let y(x) = x**2 + x + 1. Let h(o) = i(o) - 3*y(o). Suppose u = -2*u + 4*r - 28, r - 20 = 4*u. Calculate h(u).
2
Let n(j) = -j**3 - 12*j**2 - 11*j - 11. Let b be n(-11). Let s = -7 - b. Let g(w) = w**2 - 4. Give g(s).
12
Let l(j) = 10*j**2 - 2*j - 18. Let m(s) = 3*s**2 - s - 6. Let f(h) = 2*l(h) - 7*m(h). Calculate f(5).
-4
Let u = -18 - -15. Let h(n) = -2*n**2 - 3*n + 4. Calculate h(u).
-5
Suppose -5*t + 111 = -5*k - 4, -4*k = -t + 11. Suppose -3*v = -4*m - t, v - 4*v - 2*m = -27. Let z(a) = -3*a - a - a**3 + v*a - 3*a**2. Calculate z(-4).
-4
Let u = 19 + -14. Let k(m) be the second derivative of -7/6*m**3 + 1/12*m**4 + 7/2*m**2 + m + 0. Give k(u).
-3
Suppose -4*p + 2*p + 4 = 0. Let y(q) = q. Let i(v) = -v**2 + 5*v + 1. Let k(g) = 2*i(g) - 9*y(g). Calculate k(p).
-4
Let m(d) be the first derivative of -d**7/840 - d**5/60 - d**4/24 - 2*d**3/3 - 3. Let s(u) be the third derivative of m(u). Calculate s(-1).
2
Let m(w) = w**3 + 5*w**2 + 4*w - 2. Let c be 2/8 + 70/40. Suppose c*d + 0*d = -8. What is m(d)?
-2
Let u(y) = -y + 2. Let j(z) = z - 6. Let a be j(9). What is u(a)?
-1
Let c(v) = 2*v - 5*v**2 - 9*v + v**3 + 10*v - 2. Calculate c(4).
-6
Let b(m) be the third derivative of -7*m**4/24 + m**3/2 - 15*m**2. Calculate b(3).
-18
Suppose -32 = 10*o - 2. Let h(n) be the third derivative of -n**5/60 - 